{"id":6,"date":"2014-02-10T00:53:49","date_gmt":"2014-02-09T22:53:49","guid":{"rendered":"http:\/\/hx-terraristik.de\/?page_id=6"},"modified":"2025-09-11T12:11:38","modified_gmt":"2025-09-11T10:11:38","slug":"startseite","status":"publish","type":"page","link":"https:\/\/hx-terraristik.de\/","title":{"rendered":"Herzlich willkommen auf HX-Terraristik.de"},"content":{"rendered":"<div class=\"fusion-fullwidth fullwidth-box fusion-builder-row-1 fusion-flex-container nonhundred-percent-fullwidth non-hundred-percent-height-scrolling\" style=\"--awb-border-radius-top-left:0px;--awb-border-radius-top-right:0px;--awb-border-radius-bottom-right:0px;--awb-border-radius-bottom-left:0px;--awb-flex-wrap:wrap;\" ><div class=\"fusion-builder-row fusion-row fusion-flex-align-items-flex-start fusion-flex-content-wrap\" style=\"max-width:1248px;margin-left: calc(-4% \/ 2 );margin-right: calc(-4% \/ 2 );\"><div class=\"fusion-layout-column fusion_builder_column fusion-builder-column-0 fusion_builder_column_1_1 1_1 fusion-flex-column\" style=\"--awb-bg-blend:overlay;--awb-bg-size:cover;--awb-width-large:100%;--awb-margin-top-large:0px;--awb-spacing-right-large:1.92%;--awb-margin-bottom-large:0px;--awb-spacing-left-large:1.92%;--awb-width-medium:100%;--awb-spacing-right-medium:1.92%;--awb-spacing-left-medium:1.92%;--awb-width-small:100%;--awb-spacing-right-small:1.92%;--awb-spacing-left-small:1.92%;\"><div class=\"fusion-column-wrapper fusion-flex-justify-content-flex-start fusion-content-layout-column\"><div class=\"awb-news-ticker awb-news-ticker-1 awb-news-ticker-marquee\" role=\"marquee\" style=\"--awb-title-font-color:var(--awb-color4);--awb-posts-distance:40px;\"><div class=\"awb-news-ticker-title\">Unsere News<\/div><div class=\"awb-news-ticker-bar awb-news-ticker-bar-marquee\"><div class=\"awb-news-ticker-item-list awb-news-ticker-item-list-run\" data-awb-ticker-speed=\"60\"><div class=\"awb-news-ticker-item\"><a class=\"awb-news-ticker-link\" href=\"https:\/\/hx-terraristik.de\/?p=1711\"><span class=\"awb-news-ticker-title-date\">19.02.2026 <\/span>Wichtige Information zur Terraristika Hamm (M\u00e4rz 2026)<\/a><\/div><div class=\"awb-news-ticker-item-separator\">-<\/div><div class=\"awb-news-ticker-item\"><a class=\"awb-news-ticker-link\" href=\"https:\/\/hx-terraristik.de\/?p=1688\"><span class=\"awb-news-ticker-title-date\">08.11.2025 <\/span>Ab jetzt keine Bestellungen mehr f\u00fcr Hamm (13.12.)<\/a><\/div><div class=\"awb-news-ticker-item-separator\">-<\/div><div class=\"awb-news-ticker-item\"><a class=\"awb-news-ticker-link\" href=\"https:\/\/hx-terraristik.de\/?p=1686\"><span class=\"awb-news-ticker-title-date\">06.11.2025 <\/span>Ab Heute keine Bestellungen mehr f\u00fcr Bad Fallingbostel<\/a><\/div><div class=\"awb-news-ticker-item-separator\">-<\/div><div class=\"awb-news-ticker-item\"><a class=\"awb-news-ticker-link\" href=\"https:\/\/hx-terraristik.de\/?p=1682\"><span class=\"awb-news-ticker-title-date\">11.09.2025 <\/span>Annehmeschluss B\u00f6rse Weinstadt<\/a><\/div><\/div><\/div><\/div><div class=\"fusion-separator fusion-full-width-sep\" style=\"align-self: center;margin-left: auto;margin-right: auto;flex-grow:1;width:100%;\"><div class=\"fusion-separator-border sep-shadow\" style=\"--awb-height:20px;--awb-amount:20px;background:radial-gradient(ellipse at 50% -50% , var(--awb-color3) 0px, rgba(255, 255, 255, 0) 80%) repeat scroll 0 0 rgba(0, 0, 0, 0);background:-webkit-radial-gradient(ellipse at 50% -50% , var(--awb-color3) 0px, rgba(255, 255, 255, 0) 80%) repeat scroll 0 0 rgba(0, 0, 0, 0);background:-moz-radial-gradient(ellipse at 50% -50% , var(--awb-color3) 0px, rgba(255, 255, 255, 0) 80%) repeat scroll 0 0 rgba(0, 0, 0, 0);background:-o-radial-gradient(ellipse at 50% -50% , var(--awb-color3) 0px, rgba(255, 255, 255, 0) 80%) repeat scroll 0 0 rgba(0, 0, 0, 0);\"><\/div><\/div><div class=\"fusion-title title fusion-title-1 fusion-sep-none fusion-title-text fusion-title-size-one\"><h1 class=\"fusion-title-heading title-heading-left\" style=\"margin:0;\"><h3 style=\"text-align: center;\"><span style=\"color: #ffffff;\">Terrarien nach Ma\u00df \u2013 f\u00fcr jedes Einsatzgebiet die passende L\u00f6sung<\/span><\/h3><\/h1><\/div><div class=\"fusion-text fusion-text-1\"><p class=\"p1\">In unserem Sortiment finden Sie Terrarien f\u00fcr unterschiedlichste Einsatzbereiche. Sollte dennoch nicht das Passende dabei sein, fertigen wir Ihr Wunsch-Terrarium individuell nach Ihren Vorstellungen und Bed\u00fcrfnissen.<\/p>\n<p class=\"p3\">\u00a0<\/p>\n<h3><b>Fair kalkulierte Preise<\/b><\/h3>\n<p>&nbsp;<\/p>\n<p class=\"p1\">Unsere Preise haben wir mit gro\u00dfer Sorgfalt und Fairness gestaltet. Sie finden alle aktuellen Preisangaben transparent auf unserer Webseite.<\/p>\n<p class=\"p3\">\u00a0<\/p>\n<h3><b>Hinweis zu Rabatt-Anfragen<\/b><\/h3>\n<p>&nbsp;<\/p>\n<p class=\"p1\">In letzter Zeit erreichen uns vermehrt Anfragen zu m\u00f6glichen Preisnachl\u00e4ssen. Wir bitten um Verst\u00e4ndnis, dass wir grunds\u00e4tzlich <span class=\"s2\"><b>keine Rabatte<\/b><\/span> gew\u00e4hren.<\/p>\n<p class=\"p1\">Jedes unserer Terrarien entsteht in sorgf\u00e4ltiger Handarbeit und wird individuell nach Kundenwunsch in unserer eigenen Werkstatt gefertigt \u2013 eine maschinelle Serienproduktion findet bei uns nicht statt. Diese Qualit\u00e4t und Liebe zum Detail spiegeln sich in unseren Preisen wider.<\/p>\n<p class=\"p1\">Wir danken Ihnen herzlich f\u00fcr Ihr Verst\u00e4ndnis und Ihre Wertsch\u00e4tzung unserer handwerklichen Arbeit.<\/p>\n<p class=\"p3\">\u00a0<\/p>\n<h3><b>Sonderw\u00fcnsche? Kein Problem!<\/b><\/h3>\n<p>&nbsp;<\/p>\n<p class=\"p1\">Ob besondere Ma\u00dfe, spezielle Ausstattung oder individuelle Gestaltung \u2013 wir setzen Ihre Ideen mit gro\u00dfer Sorgfalt um.<\/p>\n<p class=\"p3\">\u00a0<\/p>\n<h3><b>Lieferung &amp; Abholung<\/b><\/h3>\n<p>&nbsp;<\/p>\n<p class=\"p1\">Aus Sicherheitsgr\u00fcnden versenden wir unsere Terrarien nicht per Spedition. Sie haben die M\u00f6glichkeit, Ihr Terrarium bei uns vor Ort oder auf einer von uns besuchten B\u00f6rse abzuholen.<\/p>\n<p class=\"p1\">Alternativ bieten wir eine pers\u00f6nliche Lieferung durch uns an.<\/p>\n<p class=\"p1\">Die Lieferkosten betragen aktuell <span class=\"s2\"><b>1,50 \u20ac pro gefahrenem Kilometer<\/b><\/span>.<\/p>\n<p class=\"p1\">Bitte geben Sie in Ihrer Anfrage Postleitzahl, Stra\u00dfe und Hausnummer an, damit wir die Lieferkosten f\u00fcr Sie berechnen k\u00f6nnen.<\/p>\n<p class=\"p4\"><span class=\"s3\">\ud83d\udc49 <\/span><b>Wichtiger Hinweis zu B\u00f6rsenterminen:<\/b><b><\/b><\/p>\n<p class=\"p1\">Reservierungen gelten ausschlie\u00dflich bis <span class=\"s2\"><b>12:00 Uhr<\/b><\/span> am jeweiligen B\u00f6rsentag. Ab <span class=\"s2\"><b>12:01 Uhr<\/b><\/span> behalten wir uns vor, nicht abgeholte Reservierungen frei zu verkaufen.<\/p>\n<p class=\"p1\">Eine Abholung ist bei vorheriger Bezahlung bis <span class=\"s2\"><b>kurz vor B\u00f6rsenschluss<\/b><\/span> m\u00f6glich.<\/p>\n<p class=\"p1\">Sprechen Sie uns gerne an \u2013 wir freuen uns auf Ihre Anfrage!<\/p>\n<\/p><\/p>\n<\/div><\/div><\/div><\/div><\/div>","protected":false},"excerpt":{"rendered":"","protected":false},"author":1,"featured_media":0,"parent":0,"menu_order":0,"comment_status":"closed","ping_status":"closed","template":"","meta":{"footnotes":""},"class_list":["post-6","page","type-page","status-publish","hentry"],"yoast_head":"<!-- This site is optimized with the Yoast SEO plugin v27.3 - https:\/\/yoast.com\/product\/yoast-seo-wordpress\/ -->\n<title>Herzlich willkommen auf HX-Terraristik.de - HX-Terraristik<\/title>\n<meta name=\"robots\" content=\"index, follow, max-snippet:-1, max-image-preview:large, max-video-preview:-1\" \/>\n<link rel=\"canonical\" href=\"https:\/\/hx-terraristik.de\/\" \/>\n<meta property=\"og:locale\" content=\"de_DE\" \/>\n<meta property=\"og:type\" content=\"article\" \/>\n<meta property=\"og:title\" content=\"Herzlich willkommen auf HX-Terraristik.de - HX-Terraristik\" \/>\n<meta property=\"og:url\" content=\"https:\/\/hx-terraristik.de\/\" \/>\n<meta property=\"og:site_name\" content=\"HX-Terraristik\" \/>\n<meta property=\"article:modified_time\" content=\"2025-09-11T10:11:38+00:00\" \/>\n<meta name=\"twitter:card\" content=\"summary_large_image\" \/>\n<meta name=\"twitter:label1\" content=\"Gesch\u00e4tzte Lesezeit\" \/>\n\t<meta name=\"twitter:data1\" content=\"2\u00a0Minuten\" \/>\n<script type=\"application\/ld+json\" class=\"yoast-schema-graph\">{\"@context\":\"https:\\\/\\\/schema.org\",\"@graph\":[{\"@type\":\"WebPage\",\"@id\":\"https:\\\/\\\/hx-terraristik.de\\\/\",\"url\":\"https:\\\/\\\/hx-terraristik.de\\\/\",\"name\":\"Herzlich willkommen auf HX-Terraristik.de - HX-Terraristik\",\"isPartOf\":{\"@id\":\"https:\\\/\\\/hx-terraristik.de\\\/#website\"},\"datePublished\":\"2014-02-09T22:53:49+00:00\",\"dateModified\":\"2025-09-11T10:11:38+00:00\",\"breadcrumb\":{\"@id\":\"https:\\\/\\\/hx-terraristik.de\\\/#breadcrumb\"},\"inLanguage\":\"de\",\"potentialAction\":[{\"@type\":\"ReadAction\",\"target\":[\"https:\\\/\\\/hx-terraristik.de\\\/\"]}]},{\"@type\":\"BreadcrumbList\",\"@id\":\"https:\\\/\\\/hx-terraristik.de\\\/#breadcrumb\",\"itemListElement\":[{\"@type\":\"ListItem\",\"position\":1,\"name\":\"Startseite\",\"item\":\"https:\\\/\\\/hx-terraristik.de\\\/\"},{\"@type\":\"ListItem\",\"position\":2,\"name\":\"Herzlich willkommen auf HX-Terraristik.de\"}]},{\"@type\":\"WebSite\",\"@id\":\"https:\\\/\\\/hx-terraristik.de\\\/#website\",\"url\":\"https:\\\/\\\/hx-terraristik.de\\\/\",\"name\":\"HX-Terraristik\",\"description\":\"Der Terrarienbau-Spezialist\",\"potentialAction\":[{\"@type\":\"SearchAction\",\"target\":{\"@type\":\"EntryPoint\",\"urlTemplate\":\"https:\\\/\\\/hx-terraristik.de\\\/?s={search_term_string}\"},\"query-input\":{\"@type\":\"PropertyValueSpecification\",\"valueRequired\":true,\"valueName\":\"search_term_string\"}}],\"inLanguage\":\"de\"}]}<\/script>\n<!-- \/ Yoast SEO plugin. -->","yoast_head_json":{"title":"Herzlich willkommen auf HX-Terraristik.de - HX-Terraristik","robots":{"index":"index","follow":"follow","max-snippet":"max-snippet:-1","max-image-preview":"max-image-preview:large","max-video-preview":"max-video-preview:-1"},"canonical":"https:\/\/hx-terraristik.de\/","og_locale":"de_DE","og_type":"article","og_title":"Herzlich willkommen auf HX-Terraristik.de - HX-Terraristik","og_url":"https:\/\/hx-terraristik.de\/","og_site_name":"HX-Terraristik","article_modified_time":"2025-09-11T10:11:38+00:00","twitter_card":"summary_large_image","twitter_misc":{"Gesch\u00e4tzte Lesezeit":"2\u00a0Minuten"},"schema":{"@context":"https:\/\/schema.org","@graph":[{"@type":"WebPage","@id":"https:\/\/hx-terraristik.de\/","url":"https:\/\/hx-terraristik.de\/","name":"Herzlich willkommen auf HX-Terraristik.de - HX-Terraristik","isPartOf":{"@id":"https:\/\/hx-terraristik.de\/#website"},"datePublished":"2014-02-09T22:53:49+00:00","dateModified":"2025-09-11T10:11:38+00:00","breadcrumb":{"@id":"https:\/\/hx-terraristik.de\/#breadcrumb"},"inLanguage":"de","potentialAction":[{"@type":"ReadAction","target":["https:\/\/hx-terraristik.de\/"]}]},{"@type":"BreadcrumbList","@id":"https:\/\/hx-terraristik.de\/#breadcrumb","itemListElement":[{"@type":"ListItem","position":1,"name":"Startseite","item":"https:\/\/hx-terraristik.de\/"},{"@type":"ListItem","position":2,"name":"Herzlich willkommen auf HX-Terraristik.de"}]},{"@type":"WebSite","@id":"https:\/\/hx-terraristik.de\/#website","url":"https:\/\/hx-terraristik.de\/","name":"HX-Terraristik","description":"Der Terrarienbau-Spezialist","potentialAction":[{"@type":"SearchAction","target":{"@type":"EntryPoint","urlTemplate":"https:\/\/hx-terraristik.de\/?s={search_term_string}"},"query-input":{"@type":"PropertyValueSpecification","valueRequired":true,"valueName":"search_term_string"}}],"inLanguage":"de"}]}},"_links":{"self":[{"href":"https:\/\/hx-terraristik.de\/index.php?rest_route=\/wp\/v2\/pages\/6","targetHints":{"allow":["GET"]}}],"collection":[{"href":"https:\/\/hx-terraristik.de\/index.php?rest_route=\/wp\/v2\/pages"}],"about":[{"href":"https:\/\/hx-terraristik.de\/index.php?rest_route=\/wp\/v2\/types\/page"}],"author":[{"embeddable":true,"href":"https:\/\/hx-terraristik.de\/index.php?rest_route=\/wp\/v2\/users\/1"}],"replies":[{"embeddable":true,"href":"https:\/\/hx-terraristik.de\/index.php?rest_route=%2Fwp%2Fv2%2Fcomments&post=6"}],"version-history":[{"count":13,"href":"https:\/\/hx-terraristik.de\/index.php?rest_route=\/wp\/v2\/pages\/6\/revisions"}],"predecessor-version":[{"id":1681,"href":"https:\/\/hx-terraristik.de\/index.php?rest_route=\/wp\/v2\/pages\/6\/revisions\/1681"}],"wp:attachment":[{"href":"https:\/\/hx-terraristik.de\/index.php?rest_route=%2Fwp%2Fv2%2Fmedia&parent=6"}],"curies":[{"name":"wp","href":"https:\/\/api.w.org\/{rel}","templated":true}]}}